{"id":1299,"date":"2017-05-09T21:36:07","date_gmt":"2017-05-09T19:36:07","guid":{"rendered":"http:\/\/gmsrhen.bplaced.net\/?page_id=1299"},"modified":"2017-07-10T22:42:32","modified_gmt":"2017-07-10T20:42:32","slug":"bucherecke","status":"publish","type":"page","link":"https:\/\/www.gmsrhen.de\/?page_id=1299","title":{"rendered":"B\u00fccherecke"},"content":{"rendered":"<p>Unsere neue B\u00fccherecke wird von den Lesern sehr gut angenommen.<\/p>\n<p style=\"text-align: justify;\">Zweimal in der Woche haben die Sch\u00fclerinnen und Sch\u00fcler die Gelegenheit sich in unserer schuleigenen B\u00fccherecke B\u00fccher auszuleihen.<\/p>\n<p style=\"text-align: justify;\">Die Jugendlichen k\u00f6nnen sich moderne Literatur wie \u201eWarrior Cats\u201c oder auch Klassiker z.B. von Erich K\u00e4stner ausleihen. Die Leser k\u00f6nnen somit aus den unterschiedlichsten Genres wie Sachb\u00fccher, Fantasy, Krimis, Klassiker oder Science Fiction w\u00e4hlen. Auch f\u00fcr die \u00e4lteren Schuljahrg\u00e4nge steht entsprechender Lesestoff bereit und es kann hier z.B. f\u00fcr eine Buchvorstellung das richtige Buch gefunden werden.<\/p>\n<p style=\"text-align: justify;\">Unsere B\u00fccherecke bietet eine ruhige und entspannte Atmosph\u00e4re. Wer in der Pause sich eine Ruhephase g\u00f6nnen m\u00f6chte, ist genauso herzlich willkommen, wie der, der sich bei einem lustigen Comic oder Witze-Buch entspannen m\u00f6chte.\u00a0 Die Sch\u00fclerinnen und Sch\u00fcler haben in unserer B\u00fccherecke einen R\u00fcckzugsbereich erhalten, in dem sie sich alleine oder in kleinen Gruppen in ihre B\u00fccher vertiefen k\u00f6nnen.<\/p>\n<p style=\"text-align: justify;\">Zurzeit k\u00fcmmern sich die Sch\u00fcler der 9. Klassen um die Organisation und \u201ePflege\u201c der Sch\u00fclerb\u00fccherei. Nat\u00fcrlich macht diese aktiv genutzte B\u00fccherei viel Arbeit. Beim Einsortieren und Ordnen ist die Mithilfe aus der Sch\u00fclerschaft sehr willkommen.<\/p>\n<p style=\"text-align: justify;\"><a href=\"http:\/\/gmsrhen.bplaced.net\/wp-content\/uploads\/2017\/05\/B\u00fccherecke.jpg\"><img loading=\"lazy\" decoding=\"async\" class=\"aligncenter size-medium wp-image-1318\" alt=\"B\u00fccherecke\" src=\"http:\/\/gmsrhen.bplaced.net\/wp-content\/uploads\/2017\/05\/B\u00fccherecke-300x168.jpg\" width=\"388\" height=\"217\" srcset=\"https:\/\/www.gmsrhen.de\/wp-content\/uploads\/2017\/05\/B\u00fccherecke-300x168.jpg 300w, https:\/\/www.gmsrhen.de\/wp-content\/uploads\/2017\/05\/B\u00fccherecke.jpg 605w\" sizes=\"auto, (max-width: 388px) 100vw, 388px\" \/><\/a><\/p>\n<p style=\"text-align: justify;\">Die Helfer kl\u00e4ren die Leser \u00fcber die Ausleihmodalit\u00e4ten auf und beraten j\u00fcngere Leser, um eine geeignete Lekt\u00fcre zu finden.<\/p>\n<p>Unsere \u00d6ffnungszeiten:<\/p>\n<p>Montag und Freitag: 2. Gro\u00dfe Pause<\/p>\n<p>Das Team der B\u00fccherecke<\/p>\n","protected":false},"excerpt":{"rendered":"<p>Unsere neue B\u00fccherecke wird von den Lesern sehr gut angenommen. Zweimal in der Woche haben die Sch\u00fclerinnen und Sch\u00fcler die Gelegenheit sich in unserer schuleigenen B\u00fccherecke B\u00fccher auszuleihen. Die Jugendlichen k\u00f6nnen sich moderne Literatur wie \u201eWarrior Cats\u201c oder auch Klassiker z.B. von Erich K\u00e4stner ausleihen. Die Leser k\u00f6nnen somit aus den unterschiedlichsten Genres wie Sachb\u00fccher, [&hellip;]<\/p>\n","protected":false},"author":1,"featured_media":0,"parent":103,"menu_order":0,"comment_status":"closed","ping_status":"closed","template":"","meta":{"footnotes":""},"class_list":["post-1299","page","type-page","status-publish","hentry"],"_links":{"self":[{"href":"https:\/\/www.gmsrhen.de\/index.php?rest_route=\/wp\/v2\/pages\/1299","targetHints":{"allow":["GET"]}}],"collection":[{"href":"https:\/\/www.gmsrhen.de\/index.php?rest_route=\/wp\/v2\/pages"}],"about":[{"href":"https:\/\/www.gmsrhen.de\/index.php?rest_route=\/wp\/v2\/types\/page"}],"author":[{"embeddable":true,"href":"https:\/\/www.gmsrhen.de\/index.php?rest_route=\/wp\/v2\/users\/1"}],"replies":[{"embeddable":true,"href":"https:\/\/www.gmsrhen.de\/index.php?rest_route=%2Fwp%2Fv2%2Fcomments&post=1299"}],"version-history":[{"count":6,"href":"https:\/\/www.gmsrhen.de\/index.php?rest_route=\/wp\/v2\/pages\/1299\/revisions"}],"predecessor-version":[{"id":1320,"href":"https:\/\/www.gmsrhen.de\/index.php?rest_route=\/wp\/v2\/pages\/1299\/revisions\/1320"}],"up":[{"embeddable":true,"href":"https:\/\/www.gmsrhen.de\/index.php?rest_route=\/wp\/v2\/pages\/103"}],"wp:attachment":[{"href":"https:\/\/www.gmsrhen.de\/index.php?rest_route=%2Fwp%2Fv2%2Fmedia&parent=1299"}],"curies":[{"name":"wp","href":"https:\/\/api.w.org\/{rel}","templated":true}]}}