{"id":131,"date":"2011-02-08T07:59:28","date_gmt":"2011-02-08T07:59:28","guid":{"rendered":"http:\/\/gmsrhen.bplaced.net\/?page_id=131"},"modified":"2025-02-13T18:04:24","modified_gmt":"2025-02-13T17:04:24","slug":"schulsanitatsdienst","status":"publish","type":"page","link":"https:\/\/www.gmsrhen.de\/?page_id=131","title":{"rendered":"Schulsanit\u00e4tsdienst"},"content":{"rendered":"<p><!-- \t\t@page { size: 21cm 29.7cm; margin: 2cm } \t\tP { margin-bottom: 0.21cm } -->Die Ausbildung zum Schulsanit\u00e4ter richtet sich an alle interessierten Sch\u00fcler und Sch\u00fclerinnen aus den Klassen 7 \u2013 8 und findet in Zusammenarbeit mit dem DRK in unserer Schule statt.<\/p>\n<p>J\u00e4hrlich verrichten bis zu 30 ausgebildete Schulsanit\u00e4ter ihren Dienst. Jeweils zu zweit w\u00e4hrend der gro\u00dfen Pausen im Erste-Hilfe-Raum unserer Schule sind sie Ansprechpartner und Ersthelfer f\u00fcr Sch\u00fcler und Sch\u00fclerinnen, die sich in der Pause oder im Sportunterricht Verletzungen zugezogen haben oder w\u00e4hrend des Schulvormittags erkranken.<\/p>\n<p>Die Aufgaben f\u00fcr die Schulsanit\u00e4ter sind vielf\u00e4ltig. In ihren Bereich fallen neben der sachgerechten Versorgung verletzter und erkrankter Sch\u00fcler und Sch\u00fclerinnen auch die Pr\u00e4senz bei allen schulischen Veranstaltungen, die Dokumentation der Verletzungen und Hilfe bei der Wartung und Erg\u00e4nzung des Materials.<\/p>\n<p>Mit der verantwortungsbewussten Betreuung ihrer Mitsch\u00fcler und der st\u00e4ndigen Bereitschaft zu helfen beweisen unsere Schulsanit\u00e4ter und Schulsanit\u00e4terinnen ihr soziales Engagement.\u00a0Sie sind ein Plus f\u00fcr unseren Schulalltag.<\/p>\n<p><strong>Retten macht Schule<\/strong><\/p>\n<p>Unsere Schule ist Teil der Herzsicher-Initiative \u201eRetten macht Schule\u201c der Bj\u00f6rn-Steiger-Stiftung. Einige Lehrkr\u00e4fte wurden in besonderem Ma\u00dfe im Umgang mit dem Defibrillator und der Herz-Druck-Massage geschult. Dieses Wissen geben wir jedes Jahr an den siebten und neunten Jahrgang weiter. Daf\u00fcr stehen uns ein \u00dcbungsdefibrillator und zw\u00f6lf \u00dcbungspuppen zur Verf\u00fcgung.<\/p>\n<p><em>C. Vosgerau<\/em><\/p>\n","protected":false},"excerpt":{"rendered":"<p>Die Ausbildung zum Schulsanit\u00e4ter richtet sich an alle interessierten Sch\u00fcler und Sch\u00fclerinnen aus den Klassen 7 \u2013 8 und findet in Zusammenarbeit mit dem DRK in unserer Schule statt. J\u00e4hrlich verrichten bis zu 30 ausgebildete Schulsanit\u00e4ter ihren Dienst. Jeweils zu zweit w\u00e4hrend der gro\u00dfen Pausen im Erste-Hilfe-Raum unserer Schule sind sie Ansprechpartner und Ersthelfer f\u00fcr [&hellip;]<\/p>\n","protected":false},"author":1,"featured_media":0,"parent":103,"menu_order":0,"comment_status":"closed","ping_status":"closed","template":"","meta":{"footnotes":""},"class_list":["post-131","page","type-page","status-publish","hentry"],"_links":{"self":[{"href":"https:\/\/www.gmsrhen.de\/index.php?rest_route=\/wp\/v2\/pages\/131","targetHints":{"allow":["GET"]}}],"collection":[{"href":"https:\/\/www.gmsrhen.de\/index.php?rest_route=\/wp\/v2\/pages"}],"about":[{"href":"https:\/\/www.gmsrhen.de\/index.php?rest_route=\/wp\/v2\/types\/page"}],"author":[{"embeddable":true,"href":"https:\/\/www.gmsrhen.de\/index.php?rest_route=\/wp\/v2\/users\/1"}],"replies":[{"embeddable":true,"href":"https:\/\/www.gmsrhen.de\/index.php?rest_route=%2Fwp%2Fv2%2Fcomments&post=131"}],"version-history":[{"count":6,"href":"https:\/\/www.gmsrhen.de\/index.php?rest_route=\/wp\/v2\/pages\/131\/revisions"}],"predecessor-version":[{"id":2950,"href":"https:\/\/www.gmsrhen.de\/index.php?rest_route=\/wp\/v2\/pages\/131\/revisions\/2950"}],"up":[{"embeddable":true,"href":"https:\/\/www.gmsrhen.de\/index.php?rest_route=\/wp\/v2\/pages\/103"}],"wp:attachment":[{"href":"https:\/\/www.gmsrhen.de\/index.php?rest_route=%2Fwp%2Fv2%2Fmedia&parent=131"}],"curies":[{"name":"wp","href":"https:\/\/api.w.org\/{rel}","templated":true}]}}