{"id":21,"date":"2011-01-29T15:44:42","date_gmt":"2011-01-29T13:44:42","guid":{"rendered":"http:\/\/gmsrhen.bplaced.net\/?page_id=21"},"modified":"2026-03-10T07:03:27","modified_gmt":"2026-03-10T06:03:27","slug":"forderverein","status":"publish","type":"page","link":"https:\/\/www.gmsrhen.de\/?page_id=21","title":{"rendered":"F\u00f6rderverein"},"content":{"rendered":"<div>\n<p align=\"center\"><b>F\u00f6rderverein der GEMEINSCHAFTSSCHULE Rhen <\/b><b>e.V<\/b><b>.<\/b><\/p>\n<\/div>\n<p align=\"center\"><b>Sch\u00e4ferkampsweg 34, 24558 Henstedt-Ulzburg<\/b><\/p>\n<p>Der F\u00f6rderverein unterst\u00fctzt Ihre Kinder und die Schule bei Anschaffungen und Ausgaben, die im Schuletat nicht enthalten sind.\u00a0 Es werden zum Beispiel die Klassenfahrten mit 100 Euro unterst\u00fctzt. Es wurde ein Medienraum eingerichtet und Software vom F\u00f6rderverein gekauft.<\/p>\n<p>Mitglieder, die Lust haben Ihr\/e Kind\/er und die Schule zu unterst\u00fctzen, sind jederzeit willkommen. F\u00fcr 12 Euro pro Jahr kann man schon viel erreichen.<\/p>\n<p>Vielen Dank!<\/p>\n<p>Der Vorstand<\/p>\n<p>Michael Leu, 1. Vorsitzender<\/p>\n<p>Tatjana Radke, Stellvertretende<\/p>\n<p>Sie erreichen uns unter der E-Mail:\u00a0<a href=\"mailto:foerderverein-gms-rhen@outlook.de\">foerderverein-gms-rhen@outlook.de<\/a><\/p>\n<p>Die Satzung kann beim Vorstand eingesehen werden.<\/p>\n<p><a href=\"https:\/\/www.gmsrhen.de\/wp-content\/uploads\/2026\/03\/Beitrittserklaerung2026.pdf\">Beitrittserkl\u00e4rung<\/a><\/p>\n\n\n<p><\/p>\n","protected":false},"excerpt":{"rendered":"<p>F\u00f6rderverein der GEMEINSCHAFTSSCHULE Rhen e.V. Sch\u00e4ferkampsweg 34, 24558 Henstedt-Ulzburg Der F\u00f6rderverein unterst\u00fctzt Ihre Kinder und die Schule bei Anschaffungen und Ausgaben, die im Schuletat nicht enthalten sind.\u00a0 Es werden zum Beispiel die Klassenfahrten mit 100 Euro unterst\u00fctzt. Es wurde ein Medienraum eingerichtet und Software vom F\u00f6rderverein gekauft. Mitglieder, die Lust haben Ihr\/e Kind\/er und die [&hellip;]<\/p>\n","protected":false},"author":1,"featured_media":0,"parent":109,"menu_order":0,"comment_status":"closed","ping_status":"closed","template":"","meta":{"footnotes":""},"class_list":["post-21","page","type-page","status-publish","hentry"],"_links":{"self":[{"href":"https:\/\/www.gmsrhen.de\/index.php?rest_route=\/wp\/v2\/pages\/21","targetHints":{"allow":["GET"]}}],"collection":[{"href":"https:\/\/www.gmsrhen.de\/index.php?rest_route=\/wp\/v2\/pages"}],"about":[{"href":"https:\/\/www.gmsrhen.de\/index.php?rest_route=\/wp\/v2\/types\/page"}],"author":[{"embeddable":true,"href":"https:\/\/www.gmsrhen.de\/index.php?rest_route=\/wp\/v2\/users\/1"}],"replies":[{"embeddable":true,"href":"https:\/\/www.gmsrhen.de\/index.php?rest_route=%2Fwp%2Fv2%2Fcomments&post=21"}],"version-history":[{"count":49,"href":"https:\/\/www.gmsrhen.de\/index.php?rest_route=\/wp\/v2\/pages\/21\/revisions"}],"predecessor-version":[{"id":3113,"href":"https:\/\/www.gmsrhen.de\/index.php?rest_route=\/wp\/v2\/pages\/21\/revisions\/3113"}],"up":[{"embeddable":true,"href":"https:\/\/www.gmsrhen.de\/index.php?rest_route=\/wp\/v2\/pages\/109"}],"wp:attachment":[{"href":"https:\/\/www.gmsrhen.de\/index.php?rest_route=%2Fwp%2Fv2%2Fmedia&parent=21"}],"curies":[{"name":"wp","href":"https:\/\/api.w.org\/{rel}","templated":true}]}}