{"id":2714,"date":"2024-05-26T11:59:08","date_gmt":"2024-05-26T09:59:08","guid":{"rendered":"https:\/\/www.gmsrhen.de\/?page_id=2714"},"modified":"2026-03-10T11:14:04","modified_gmt":"2026-03-10T10:14:04","slug":"archiv","status":"publish","type":"page","link":"https:\/\/www.gmsrhen.de\/?page_id=2714","title":{"rendered":"Archiv"},"content":{"rendered":"\n<p><strong>Wieder viele Neugierige an der GMS Rhen<\/strong><\/p>\n\n\n\n<p>Am 13.02.26 war es mal wieder soweit, die Gemeinschaftsschule Rhen stellte sich den aufgeregten Kindern aus den 4. Klassen und ihren Eltern vor.<\/p>\n\n\n\n<p>Die Schulband er\u00f6ffnete den Nachmittag mit einem Song, bevor die zwei Sch\u00fclersprecherinnen Charlotte und Esila und der Sch\u00fclersprecher Kadircan das Mikrofon \u00fcbernahmen, um durch das Programm zu f\u00fchren. Sogleich k\u00fcndigten sie die Vorf\u00fchrung der Ballade \u201eDie Sache mit den Kl\u00f6\u00dfen\u201c an, die von drei M\u00e4dchen aus der 7c vorgespielt wurde.<\/p>\n\n\n\n<p>Als Charlotte, Esila und Kardican wieder an der Reihe waren, informierten sie ganz nebenbei dabei auch dar\u00fcber, wie einem an der Schule geholfen wird, wenn man traurig oder verletzt ist. Die Schulsozialarbeiterin Frau Biehl wurde pr\u00e4sentiert und ihre Bereitschaft zum Gespr\u00e4ch hervorgehoben. Die Mitarbeiter der OGTS wurden ebenfalls kurz vorgestellt und auch sie luden zu weiteren Gespr\u00e4chen in den R\u00e4umen des Offenen Ganztages ein. Vor dem n\u00e4chsten Programmpunkt, einer Buchvorstellung mit einem Lapbook, wie sie in einer 6. Klasse stattfindet, kl\u00e4rte Esila das Publikum noch dar\u00fcber auf, was es f\u00fcr tolle B\u00fccher in der Sch\u00fclerb\u00fccherei gibt. Aber auch der Schulkiosk wurde beispielhaft erw\u00e4hnt, bevor eine Sch\u00fclerin aus der 8. Klasse mit einem Klavierspiel f\u00fcr eine Unterbrechung sorgte. Anschlie\u00dfend erinnerten sich Charlotte, Esila und Kardican noch an ihre Klassenfahrten, die Englandfahrt und die Sportfeste. Am Ende der kleinen B\u00fchnenshow stellten sie fest, dass andere viel sportlicher als sie selber seien und gaben die B\u00fchne frei f\u00fcr eine Turnvorf\u00fchrung mit Sch\u00fclerinnen aus verschiedenen Klassen und Frau Lippke.<\/p>\n\n\n\n<p>Nun wollten die G\u00e4ste endlich die Schule besichtigen. Die Kinder aus den vierten Klassen wurden gebeten, den Guides in den Flur zu folgen. Ganz nerv\u00f6s warteten da schon die Sch\u00fclerinnen und Sch\u00fcler aus den 6. Klassen, denn sie hatten die verantwortungsvolle Aufgabe \u00fcbernommen, die kleinen G\u00e4ste durch die Schule zu f\u00fchren.<\/p>\n\n\n\n<p>Auch die Eltern erhielten die M\u00f6glichkeit, gef\u00fchrt durch Lehrkr\u00e4fte, die Schule kennenzulernen. Verschiedene R\u00e4ume standen mit Mitmachangeboten, Ausstellungen und Informationen zur Verf\u00fcgung. Im Bio-Raum konnte man z.B. mikroskopieren, im Physikraum wurden kleine Versuche durchgef\u00fchrt und im Chemieraum stank es nat\u00fcrlich immer wieder nach Versuchsvorf\u00fchrungen. Im Technikraum nahmen die Kinder gerne einen Hammer in die Hand, w\u00e4hrend sie in der K\u00fcche eingef\u00e4rbte S\u00e4fte probierten. F\u00fcr die Informationen in den Deutsch-, Mathe- und Englischr\u00e4umen interessierten sich die Eltern st\u00e4rker, da sie dort Details zum Unterricht und der Differenzierung von Lehrkr\u00e4ften, die in allen R\u00e4umen positioniert waren, erhielten. Auch die weiteren R\u00e4ume (Kunst, Geographie, Informatik, Sch\u00fclerb\u00fccherei, Religion\/Philosophie) und die OGTS wurden gerne aufgesucht.<\/p>\n\n\n\n<p>Der Schulleiter Herr Schmedes lie\u00df sich bei seinem zweimaligen Vortrag von einer ehemaligen Sch\u00fclerin unterst\u00fctzen, damit auch die Seite der Sch\u00fclerschaft dargestellt wurde. Die Eltern erhielten viele Informationen zu Gr\u00fcnden f\u00fcr die GMS Rhen, warum gerade die GMS gew\u00e4hlt werden sollte. Zudem erl\u00e4uterte Herr Schmedes alles rund um die Formalit\u00e4ten zur Anmeldung und die W\u00fcnsche, die angegeben werden d\u00fcrfen.<\/p>\n\n\n\n<p>Wir freuen uns, wenn es im Sommer zu einem Wiedersehen kommt.<\/p>\n\n\n\n<p>Orga-Team Vorstellungstag<\/p>\n\n\n\n<hr class=\"wp-block-separator has-alpha-channel-opacity\"\/>\n\n\n\n<p>2024_Februar_09<\/p>\n\n\n\n<p><strong><u>Grandiose Stimmung beim Vorstellungstag<\/u><\/strong><\/p>\n\n\n\n<p>Am 09. Februar 2024 war es wieder soweit. Die Kinder der zuk\u00fcnftigen 5. Klassen und deren Angeh\u00f6rige waren eingeladen, unsere Schule kennen zu lernen.&nbsp;<\/p>\n\n\n\n<p>Mit einem B\u00fchnenprogramm p\u00fcnktlich um 15 Uhr startete die Vorstellung. Als erstes zeigten M\u00e4dchen aus einer 6. Klasse und aus einer 10. Klasse mit Frau Lippke ihr K\u00f6nnen auf dem Step. Anschlie\u00dfend begr\u00fc\u00dften die vier Sch\u00fclersprecherinnen Jona, Angelia, Emma und Laura das Publikum und f\u00fchrten im weiteren Verlauf durch die Show.<\/p>\n\n\n\n<p>Nachdem Herr Schmedes sich kurz vorgestellt hatte, folgte ein Darbietung am Klavier von Luisa aus der 7a.<\/p>\n\n\n\n<p>Die OGTS (Offener Ganztag) erhielt anschlie\u00dfend die M\u00f6glichkeit, sich vorzustellen.<\/p>\n\n\n\n<p>Im weiteren Gespr\u00e4ch der Schulsprecherinnen berichteten sie von ihrem Schulalltag und erw\u00e4hnten dabei die Sch\u00fclerb\u00fccherei, den Schulkiosk, die Sanit\u00e4ter und Frau Endrikat, die Schulsozialarbeiterin.<\/p>\n\n\n\n<p>Darauf wurde die B\u00fchne und die obere Balustrade von Sch\u00fclerinnen und Sch\u00fclern der 6. Klassen besetzt, die den Cup-Song auff\u00fchrten und die ganze Aula mit ihren Kl\u00e4ngen erf\u00fcllten.<\/p>\n\n\n\n<p>Die Sch\u00fclersprecherinnen erinnerten sich im weiteren Gespr\u00e4ch an Klassenfahrten, die Londonfahrt und diverse Sportfeste.<\/p>\n\n\n\n<p>Anschlie\u00dfend folgte eine imposante Trampolinshow vom Sport WPU aus der 7. Klasse. Mit vielen Saltos und Schrauben flogen die Sch\u00fclerinnen und Sch\u00fcler sowie Frau Lippke durch die Luft.<\/p>\n\n\n\n<p>Die Schulsprecherinnen verabschiedeten sich und Herr Schmedes \u00fcbernahm die Ansage f\u00fcr das weitere Programm.<\/p>\n\n\n\n<p>Die Kinder durften den Guides von der B\u00fchne zum Treffpunkt folgen. Dort wurden sie in Gruppen eingeteilt und von Sch\u00fclerinnen und Sch\u00fclern der 6. Klassen durch die Schule gef\u00fchrt.<\/p>\n\n\n\n<p>Die Eltern hatten im weiteren Verlauf ebenfalls die M\u00f6glichkeit, die Schule auf eigene Faust zu erkunden oder an einer F\u00fchrung durch Lehrkr\u00e4fte teilzunehmen.<\/p>\n\n\n\n<p>Zudem gab Herr Schmedes im Musikraum genauere Informationen zu unserer Schule und konnte auch Fragen beantworten.<\/p>\n\n\n\n<p>Wer sich st\u00e4rken wollte, konnte dies am Buffet, was in diesem Jahr ein Volleyballkurs organisiert wurde.<\/p>\n\n\n\n<p>In den R\u00e4umen gab es f\u00fcr die G\u00e4ste ein buntes Angebot. W\u00e4hrend die Eltern daran interessiert waren, den Fachlehrkr\u00e4ften spezielle Fragen zu stellen, durften die kleinen G\u00e4ste allerhand bestaunen oder ausprobieren. Verschiedene Mitmach-Stationen waren aufgebaut, so konnten sie an einem Geschmackstest teilnehmen, aus Sahne Butter herstellen, am Barren turnen, bei physikalischen oder chemischen Experimenten ihr K\u00f6nnen ausprobieren, sich ein H\u00f6rspiel anh\u00f6ren uvm.<\/p>\n\n\n\n<p>Viel zu schnell war die Zeit wieder um. Wir freuen uns auf ein Wiedersehen im Sommer!<\/p>\n","protected":false},"excerpt":{"rendered":"<p>Wieder viele Neugierige an der GMS Rhen Am 13.02.26 war es mal wieder soweit, die Gemeinschaftsschule Rhen stellte sich den aufgeregten Kindern aus den 4. Klassen und ihren Eltern vor. Die Schulband er\u00f6ffnete den Nachmittag mit einem Song, bevor die zwei Sch\u00fclersprecherinnen Charlotte und Esila und der Sch\u00fclersprecher Kadircan das Mikrofon \u00fcbernahmen, um durch das [&hellip;]<\/p>\n","protected":false},"author":1,"featured_media":0,"parent":0,"menu_order":0,"comment_status":"closed","ping_status":"closed","template":"","meta":{"footnotes":""},"class_list":["post-2714","page","type-page","status-publish","hentry"],"_links":{"self":[{"href":"https:\/\/www.gmsrhen.de\/index.php?rest_route=\/wp\/v2\/pages\/2714","targetHints":{"allow":["GET"]}}],"collection":[{"href":"https:\/\/www.gmsrhen.de\/index.php?rest_route=\/wp\/v2\/pages"}],"about":[{"href":"https:\/\/www.gmsrhen.de\/index.php?rest_route=\/wp\/v2\/types\/page"}],"author":[{"embeddable":true,"href":"https:\/\/www.gmsrhen.de\/index.php?rest_route=\/wp\/v2\/users\/1"}],"replies":[{"embeddable":true,"href":"https:\/\/www.gmsrhen.de\/index.php?rest_route=%2Fwp%2Fv2%2Fcomments&post=2714"}],"version-history":[{"count":2,"href":"https:\/\/www.gmsrhen.de\/index.php?rest_route=\/wp\/v2\/pages\/2714\/revisions"}],"predecessor-version":[{"id":3114,"href":"https:\/\/www.gmsrhen.de\/index.php?rest_route=\/wp\/v2\/pages\/2714\/revisions\/3114"}],"wp:attachment":[{"href":"https:\/\/www.gmsrhen.de\/index.php?rest_route=%2Fwp%2Fv2%2Fmedia&parent=2714"}],"curies":[{"name":"wp","href":"https:\/\/api.w.org\/{rel}","templated":true}]}}