{"id":804,"date":"2015-01-27T19:03:16","date_gmt":"2015-01-27T17:03:16","guid":{"rendered":"http:\/\/gmsrhen.bplaced.net\/?page_id=804"},"modified":"2015-01-27T19:03:16","modified_gmt":"2015-01-27T17:03:16","slug":"geografie","status":"publish","type":"page","link":"https:\/\/www.gmsrhen.de\/?page_id=804","title":{"rendered":"Geografie"},"content":{"rendered":"<p>Der Geografieunterricht an der Gemeinschaftsschule Rhen kn\u00fcpft an den Heimat- und Sachunterricht der Grundschule an.<\/p>\n<p>In Geografie werden viele verschiedene Methoden und Medien eingesetzt. Anschaulichkeit und Aktualit\u00e4t spielen eine gro\u00dfe Rolle. So werden im Unterricht Bilder, Filme, Modelle sowie das Whiteboard eingesetzt. Au\u00dferschulische Lernorte, wie z.B. ein Bauernhof, werden gerne aufgesucht.<\/p>\n<p>Im Geografieunterricht erwerben die Sch\u00fclerInnen ein topografisches Basiswissen. Dazu erlangen sie die F\u00e4higkeit, sich auf unterschiedliche Art und Weise r\u00e4umlich orientieren zu k\u00f6nnen.<\/p>\n<p>Die Sch\u00fclerInnen analysieren R\u00e4ume der Erde auf unterschiedlichen Ma\u00dfstabsebenen, z. B. den Heimatraum, Deutschland, Europa und ausgew\u00e4hlte au\u00dfereurop\u00e4ische Regionen, unter verschiedenen Frage- und Problemstellungen. Unterschiedliche Themen wie z.B. das Leben in den W\u00fcsten, Armut in der Welt, Erdbeben und Vulkane werden behandelt. Die erlernten Grundeinsichten und \u2013fertigkeiten\u00a0 sollen helfen, dass sich die Sch\u00fclerInnen sachkundig und verantwortungsbewusst in ihrer Umwelt verhalten k\u00f6nnen.<\/p>\n<p style=\"text-align: right;\"><em>Fachschaft Geografie<\/em><\/p>\n","protected":false},"excerpt":{"rendered":"<p>Der Geografieunterricht an der Gemeinschaftsschule Rhen kn\u00fcpft an den Heimat- und Sachunterricht der Grundschule an. In Geografie werden viele verschiedene Methoden und Medien eingesetzt. Anschaulichkeit und Aktualit\u00e4t spielen eine gro\u00dfe Rolle. So werden im Unterricht Bilder, Filme, Modelle sowie das Whiteboard eingesetzt. Au\u00dferschulische Lernorte, wie z.B. ein Bauernhof, werden gerne aufgesucht. Im Geografieunterricht erwerben die [&hellip;]<\/p>\n","protected":false},"author":1,"featured_media":0,"parent":96,"menu_order":0,"comment_status":"closed","ping_status":"closed","template":"","meta":{"footnotes":""},"class_list":["post-804","page","type-page","status-publish","hentry"],"_links":{"self":[{"href":"https:\/\/www.gmsrhen.de\/index.php?rest_route=\/wp\/v2\/pages\/804","targetHints":{"allow":["GET"]}}],"collection":[{"href":"https:\/\/www.gmsrhen.de\/index.php?rest_route=\/wp\/v2\/pages"}],"about":[{"href":"https:\/\/www.gmsrhen.de\/index.php?rest_route=\/wp\/v2\/types\/page"}],"author":[{"embeddable":true,"href":"https:\/\/www.gmsrhen.de\/index.php?rest_route=\/wp\/v2\/users\/1"}],"replies":[{"embeddable":true,"href":"https:\/\/www.gmsrhen.de\/index.php?rest_route=%2Fwp%2Fv2%2Fcomments&post=804"}],"version-history":[{"count":2,"href":"https:\/\/www.gmsrhen.de\/index.php?rest_route=\/wp\/v2\/pages\/804\/revisions"}],"predecessor-version":[{"id":812,"href":"https:\/\/www.gmsrhen.de\/index.php?rest_route=\/wp\/v2\/pages\/804\/revisions\/812"}],"up":[{"embeddable":true,"href":"https:\/\/www.gmsrhen.de\/index.php?rest_route=\/wp\/v2\/pages\/96"}],"wp:attachment":[{"href":"https:\/\/www.gmsrhen.de\/index.php?rest_route=%2Fwp%2Fv2%2Fmedia&parent=804"}],"curies":[{"name":"wp","href":"https:\/\/api.w.org\/{rel}","templated":true}]}}