{"id":808,"date":"2015-02-05T22:14:14","date_gmt":"2015-02-05T20:14:14","guid":{"rendered":"http:\/\/gmsrhen.bplaced.net\/?page_id=808"},"modified":"2017-01-07T18:11:04","modified_gmt":"2017-01-07T16:11:04","slug":"nawi-und-biologie","status":"publish","type":"page","link":"https:\/\/www.gmsrhen.de\/?page_id=808","title":{"rendered":"Nawi und Biologie"},"content":{"rendered":"<p style=\"text-align: justify;\">Die Abk\u00fcrzung Nawi steht f\u00fcr Naturwissenschaften, es werden die F\u00e4cher Biologie, Chemie und Physik integriert unterrichtet. Das Fach wird in den Klassen 5-7 unterrichtet und umfasst gro\u00dfe Bereiche der Naturwissenschaften, der viele faszinierende Aspekte unseres Lebens pr\u00e4gt.<\/p>\n<p style=\"text-align: justify;\">In Nawi sind wir den unterschiedlichsten naturwissenschaftlichen Ph\u00e4nomenen auf der Spur. Hierbei soll die Freude am entdeckenden Lernen im Vordergrund stehen, indem wir viele Sch\u00fclerexperimente durchf\u00fchren. Der Unterricht ist auf Basisaspekte ausgerichtet und setzt biologische, chemische und physikalische Naturph\u00e4nomene in Zusammenhang.<\/p>\n<p style=\"text-align: justify;\">In der 5. und 6. Klasse stehen Themen wie beispielsweise Luft und Fliegen, das Wasser und der Mensch im Mittelpunkt des Unterrichts. Die Inhalte werden mit Hilfe vielf\u00e4ltiger Methoden vermittelt.<\/p>\n<p style=\"text-align: justify;\">Ab der Klassenstufe 8 wird das Fach Biologie unterrichtet. Zu Beginn des Schuljahres arbeiten die Sch\u00fcler mit dem Mikroskop und dem Binokular. Beim Mikroskopieren lernen die Sch\u00fcler nicht nur die typische Arbeit von Biologen kennen, sondern bekommen auch einen Einblick in das Leben des Mikrokosmos. Praktisches, wissenschaftliches Arbeiten steht im Vordergrund. Anhand von lebenden Objekten wird das genaue Beobachten, Betrachten und Untersuchen ge\u00fcbt.<\/p>\n<p style=\"text-align: justify;\">Zum Thema Lebensr\u00e4ume und Lebensgemeinschaft lernen die Sch\u00fcler die unterschiedlichen Aspekte eines \u00d6kosystems kennen. Am Ende des Schuljahres steht die Sexualerziehung im Lehrplan. In dieser Lerneinheit werden neben den biologischen Sachverhalten auch gesellschaftliche Aspekte behandelt.<\/p>\n<p style=\"text-align: justify;\">Ihre Methodenkompetenz festigen die Sch\u00fcler z.B. beim Lernen an Stationen, Erstellen von Diagrammen und Protokollen.<\/p>\n<p style=\"text-align: justify;\">In den Klassenstufen 9 und 10 steht der Mensch im Mittelpunkt des Unterrichtes, hierbei bekommen die Sch\u00fcler anhand von Versuchen vertiefende Einsichten in die Wirkungsweise der Sinnesorgane sowie in die Genetik und Evolution des Menschen.<\/p>\n<p style=\"text-align: right;\"><em>Fachschaft Nawi\/Biologie<\/em><\/p>\n","protected":false},"excerpt":{"rendered":"<p>Die Abk\u00fcrzung Nawi steht f\u00fcr Naturwissenschaften, es werden die F\u00e4cher Biologie, Chemie und Physik integriert unterrichtet. Das Fach wird in den Klassen 5-7 unterrichtet und umfasst gro\u00dfe Bereiche der Naturwissenschaften, der viele faszinierende Aspekte unseres Lebens pr\u00e4gt. In Nawi sind wir den unterschiedlichsten naturwissenschaftlichen Ph\u00e4nomenen auf der Spur. Hierbei soll die Freude am entdeckenden Lernen [&hellip;]<\/p>\n","protected":false},"author":1,"featured_media":0,"parent":96,"menu_order":0,"comment_status":"closed","ping_status":"closed","template":"","meta":{"footnotes":""},"class_list":["post-808","page","type-page","status-publish","hentry"],"_links":{"self":[{"href":"https:\/\/www.gmsrhen.de\/index.php?rest_route=\/wp\/v2\/pages\/808","targetHints":{"allow":["GET"]}}],"collection":[{"href":"https:\/\/www.gmsrhen.de\/index.php?rest_route=\/wp\/v2\/pages"}],"about":[{"href":"https:\/\/www.gmsrhen.de\/index.php?rest_route=\/wp\/v2\/types\/page"}],"author":[{"embeddable":true,"href":"https:\/\/www.gmsrhen.de\/index.php?rest_route=\/wp\/v2\/users\/1"}],"replies":[{"embeddable":true,"href":"https:\/\/www.gmsrhen.de\/index.php?rest_route=%2Fwp%2Fv2%2Fcomments&post=808"}],"version-history":[{"count":4,"href":"https:\/\/www.gmsrhen.de\/index.php?rest_route=\/wp\/v2\/pages\/808\/revisions"}],"predecessor-version":[{"id":811,"href":"https:\/\/www.gmsrhen.de\/index.php?rest_route=\/wp\/v2\/pages\/808\/revisions\/811"}],"up":[{"embeddable":true,"href":"https:\/\/www.gmsrhen.de\/index.php?rest_route=\/wp\/v2\/pages\/96"}],"wp:attachment":[{"href":"https:\/\/www.gmsrhen.de\/index.php?rest_route=%2Fwp%2Fv2%2Fmedia&parent=808"}],"curies":[{"name":"wp","href":"https:\/\/api.w.org\/{rel}","templated":true}]}}