{"id":86,"date":"2011-01-30T21:23:54","date_gmt":"2011-01-30T21:23:54","guid":{"rendered":"http:\/\/gmsrhen.bplaced.net\/?page_id=86"},"modified":"2023-06-19T16:45:14","modified_gmt":"2023-06-19T14:45:14","slug":"suchtexperten","status":"publish","type":"page","link":"https:\/\/www.gmsrhen.de\/?page_id=86","title":{"rendered":"Suchtexperten"},"content":{"rendered":"<p>Seit 2006 werden an unserer Schule von unserem Kooperationspartner <a title=\"Ambulante und teilstation\u00e4re Suchthilfe\" href=\"http:\/\/www.ats-sh.de\" target=\"_blank\" rel=\"noopener\">ATS<\/a> in Kaltenkirchen Sch\u00fcler zu Suchtexperten ausgebildet. In dieser Rolle k\u00f6nnen sie ihren Mitsch\u00fclern Beratung anbieten zu Alkohol-, Nikotin-, Drogen-, Spiel- und Computers\u00fcchten.<\/p>\n<p>Selbstverst\u00e4ndlich k\u00f6nnen die Suchtexperten nicht therapeutisch t\u00e4tig werden; sie sollen aber Fragen zu den genannten Themen beantworten und ggf. auf professionelle Hilfe verweisen k\u00f6nnen. Der Vorteil besteht im hier praktizierten &#8222;peer-to-peer-Ansatz&#8220;, bei dem heikle Themen nicht zwingend mit Eltern oder Lehrkr\u00e4ften er\u00f6rtert werden m\u00fcssen, sondern von den Sch\u00fclern untereinander, wodurch Hemmschwellen gesenkt werden.<\/p>\n<p>W\u00e4hrend der Ausbildung wird ein Ausflug in eine Suchtklinik unternommen, bei dem die Suchtexperten die Gelegenheit erhalten, pers\u00f6nlich mit Patienten und Therapeuten zu sprechen und sich selbst aus erster Hand ein Bild von Suchterkrankungen zu machen.<\/p>\n<p>Zum gr\u00f6\u00dften Teil finanziert wird das Projekt durch die Stiftung der Sparkasse S\u00fcdholstein.<\/p>\n<p>Alle zwei Jahre findet f\u00fcr Schulen in Henstedt-Ulzburg der&nbsp;KlarSicht-Parcours statt.<\/p>\n<p>&nbsp;<\/p>\n<p><strong><span style=\"text-decoration: underline;\"><span style=\"color: #888888; text-decoration: underline;\">Suchtexpertenausbildung 2017<\/span><\/span><\/strong><\/p>\n<p>Junge Experten wissen, dass Sucht mehr sein kann als Drogenkonsum<\/p>\n<p style=\"text-align: justify;\">HENSTEDT-ULZBURG. Die Ge\u00admeinschaftsschule Rhen hat f\u00fcnf neue Suchtberater, die nach einem Kursus der Ambu\u00adlanten und Teilstation\u00e4ren Suchthilfe (ATS) ihren Mit\u00adsch\u00fclern beiseite stehen k\u00f6n\u00adnen. In 30 Stunden haben Da\u00adven Berg, Svenja Gareiss, Ty\u00admon Kawalek, Patrick Lutter und Tim Steffens von den 8. und 9. Klassen der Schule von den beiden ATS-Mitarbeitern Kerstin Klennert und Ole Ber\u00adger viel zum Thema Sucht er\u00adfahren. Dabei geht es nicht aus\u00adschlie\u00dflich um illegale Drogen. Auch das Zocken am PC oder das permanente Hantieren mit dem Smartphone k\u00f6nnen den Alltag von jungen Menschen beherrschen. \u201eKlar ist das ein Thema im Freundeskreis&#8220;, meint Patrick Lutter. Und Da\u00adven Berg stimmt ihm zu. \u201eDas ist inzwischen normal.&#8220; Svenja Gareiss hat bereits oft festge\u00adstellt, dass \u00fcber solche Abh\u00e4n\u00adgigkeiten gel\u00e4chelt werde. \u201eKeiner wei\u00df so richtig, was da\u00adhintersteckt und was das be\u00addeutet&#8220;, sagt sie. Ein Hauptthe\u00adma in der Schulung durch die ATS sei Spielsucht gewesen, er\u00adz\u00e4hlen die Jugendlichen.<\/p>\n<p style=\"text-align: justify;\">Das Angebot wurde von den Mitarbeitern der ATS entwi\u00adckelt. Die Sparkasse S\u00fcdhol\u00adstein unterst\u00fctzt die Ausbil\u00addung. Alle zwei Jahre werden in der Schule auf dem Rhen Suchtberater ausgebildet. Die Teilnehmer des Kurses erfahren nicht nur viele grundlegen\u00adde Informationen \u00fcber legale und illegale Substanzen, Rechtsgrundlagen, Formen der Abh\u00e4ngigkeit und m\u00f6gliche Entstehung von S\u00fcchten, son\u00addern kommen auch mit S\u00fcchtigen in Kontakt. In der Fachkli\u00adnik Rickling des Landesvereins f\u00fcr Innere Mission lernten die Henstedt-Ulzburger Sch\u00fcler Menschen kennen, die gerade den Weg aus der Sucht geschafft haben oder es zurzeit versu\u00adchen. Die Gespr\u00e4che mit den Betroffenen, die von ihrem Ab\u00adstieg in die Welt der Drogen er\u00adz\u00e4hlten, beeindruckten die Sch\u00fc\u00adler. \u201eDas war wirklich interes\u00adsant\u201c, erinnert sich Daven Berg.<\/p>\n<p style=\"text-align: justify;\">Die f\u00fcnf Suchtberater wer\u00adden nicht feste Sprechzeiten in ihrer Schule haben, sondern stehen ihren Mitsch\u00fclern im Schulalltag zur Verf\u00fcgung.<\/p>\n<p style=\"text-align: justify;\">Nach den Sommerferien wol\u00adlen sie zusammen mit den ATS- Mitarbeitern Projekte zum Thema initiieren.<\/p>\n<p style=\"text-align: justify;\">Zum Abschluss des Kurses erhielten sie von Christian Bl\u00f6\u00adcker, Filialleiter der Sparkasse S\u00fcdholstein in Henstedt-Ulz\u00adburg, die Zertifikate f\u00fcr die er\u00adfolgreiche Teilnahme sowie je\u00adder eine Rose. Kerstin Klennert gab den jungen Leuten mit auf den Weg, die Bescheinigung \u00fcber den Abschluss zu den weiteren Zeugnissen zu legen und bei Praktika und Bewer\u00adbungen dem Arbeitgeber vor\u00adzulegen. (nib)<\/p>\n<p><a href=\"https:\/\/www.gmsrhen.de\/wp-content\/uploads\/2011\/01\/Suchtexperten2017.jpg\"><img loading=\"lazy\" decoding=\"async\" class=\"size-full wp-image-1321 aligncenter\" alt=\"Suchtexperten2017\" src=\"https:\/\/www.gmsrhen.de\/wp-content\/uploads\/2011\/01\/Suchtexperten2017.jpg\" width=\"363\" height=\"193\"><\/a><\/p>\n<p style=\"text-align: center;\">An der Gemeinschaftsschule Rhen wurden meh\u00adrere Sucht\u00adberater aus\u00adgebildet.<\/p>\n<p style=\"text-align: right;\">Quelle: SE-Zeitung, Foto: Scholmann, 10.07.2017<\/p>\n","protected":false},"excerpt":{"rendered":"<p>Seit 2006 werden an unserer Schule von unserem Kooperationspartner ATS in Kaltenkirchen Sch\u00fcler zu Suchtexperten ausgebildet. In dieser Rolle k\u00f6nnen sie ihren Mitsch\u00fclern Beratung anbieten zu Alkohol-, Nikotin-, Drogen-, Spiel- und Computers\u00fcchten. Selbstverst\u00e4ndlich k\u00f6nnen die Suchtexperten nicht therapeutisch t\u00e4tig werden; sie sollen aber Fragen zu den genannten Themen beantworten und ggf. auf professionelle Hilfe verweisen [&hellip;]<\/p>\n","protected":false},"author":1,"featured_media":0,"parent":103,"menu_order":0,"comment_status":"closed","ping_status":"closed","template":"","meta":{"footnotes":""},"class_list":["post-86","page","type-page","status-publish","hentry"],"_links":{"self":[{"href":"https:\/\/www.gmsrhen.de\/index.php?rest_route=\/wp\/v2\/pages\/86","targetHints":{"allow":["GET"]}}],"collection":[{"href":"https:\/\/www.gmsrhen.de\/index.php?rest_route=\/wp\/v2\/pages"}],"about":[{"href":"https:\/\/www.gmsrhen.de\/index.php?rest_route=\/wp\/v2\/types\/page"}],"author":[{"embeddable":true,"href":"https:\/\/www.gmsrhen.de\/index.php?rest_route=\/wp\/v2\/users\/1"}],"replies":[{"embeddable":true,"href":"https:\/\/www.gmsrhen.de\/index.php?rest_route=%2Fwp%2Fv2%2Fcomments&post=86"}],"version-history":[{"count":4,"href":"https:\/\/www.gmsrhen.de\/index.php?rest_route=\/wp\/v2\/pages\/86\/revisions"}],"predecessor-version":[{"id":2283,"href":"https:\/\/www.gmsrhen.de\/index.php?rest_route=\/wp\/v2\/pages\/86\/revisions\/2283"}],"up":[{"embeddable":true,"href":"https:\/\/www.gmsrhen.de\/index.php?rest_route=\/wp\/v2\/pages\/103"}],"wp:attachment":[{"href":"https:\/\/www.gmsrhen.de\/index.php?rest_route=%2Fwp%2Fv2%2Fmedia&parent=86"}],"curies":[{"name":"wp","href":"https:\/\/api.w.org\/{rel}","templated":true}]}}