{"id":908,"date":"2015-06-02T07:18:13","date_gmt":"2015-06-02T05:18:13","guid":{"rendered":"http:\/\/gmsrhen.bplaced.net\/?page_id=908"},"modified":"2023-06-19T16:33:54","modified_gmt":"2023-06-19T14:33:54","slug":"kooperationsvereinbarung-2","status":"publish","type":"page","link":"https:\/\/www.gmsrhen.de\/?page_id=908","title":{"rendered":"Kooperationsvereinbarung"},"content":{"rendered":"<p style=\"text-align: center;\"><strong>Kooperationsvereinbarung gem\u00e4\u00df \u00a7 43 Absatz 6 <\/strong><\/p>\n<p style=\"text-align: center;\"><strong>des Schulgesetzes des Landes Schleswig-Holstein zwischen <\/strong><\/p>\n<p style=\"text-align: center;\"><strong>der Gemeinschaftsschule Rhen, Henstedt-Ulzburg und <\/strong><\/p>\n<p style=\"text-align: center;\"><strong>dem AIstergymnasium, Henstedt -Ulzburg<\/strong><\/p>\n<p style=\"text-align: center;\"><strong>Schultr\u00e4ger f\u00fcr beide Schulen: Gemeinde Henstedt-Ulzburg<\/strong><\/p>\n<p style=\"text-align: center;\"><a href=\"https:\/\/www.gmsrhen.de\/wp-content\/uploads\/2015\/06\/Kooperationsvereinbarung.pdf\">Kooperationsvereinbarung<\/a><\/p>\n<p style=\"text-align: left;\">Um den Sch\u00fclerinnen und Sch\u00fclern das Erreichen der Allgemeinen Hochschulreife unter Ber\u00fccksichtigung der individuellen Bed\u00fcrfnisse m\u00f6glichst optimal zu erm\u00f6glichen, kooperieren die Gemeinschaftsschule Rhen und das Alstergymnasium Henstedt-Ulzburg nach folgenden Vereinbarungen:<\/p>\n<p><strong>Aufnahme in die Oberstufe des Alstergymnasiums<\/strong><br \/>\nDas Alstergymnasium garantiert den Sch\u00fclerinnen und Sch\u00fclern der Gemeinschaftsschule Rhen die Aufnahme in die gymnasiale Oberstufe, wenn die Bedingungen nach \u00a77 GemVO erf\u00fcllt sind (Hinweise siehe folgende Seite). Bei der Zuordnung zu einem Profil und der Vergabe der Oberstufenkurse werden die Sch\u00fclerinnen und Sch\u00fcler der Gemeinschaftsschule und des Gymnasiums gleichbehandelt. Ein Anspruch auf ein bestimmtes Profil besteht nicht (vgl. OAPVO \u00a7 4 und Hinweise siehe folgende Seite).<br \/>\n<strong>Informationen zur Vorplanung des Schulwechsels\/Stufenwechsels<\/strong><br \/>\nIm ersten Schulhalbjahr der 10. Klasse (Gemeinschaftsschule) \/ 9. Klasse (Gymnasium) findet eine ca. zweist\u00fcndige Veranstaltung am Abend statt, in der alle interessierten Eltern und Sch\u00fclerInnen \u00fcber den allgemeinen Aufbau und Ablauf der Oberstufe informiert werden.<br \/>\nIn diesem Zusammenhang wird den Sch\u00fclerinnen und Sch\u00fclern der Gemeinschaftsschule bei Bedarf die M\u00f6glichkeit gegeben, sich durch einen eint\u00e4gigen Unterrichtsbesuch (Ende Januar\/Anfang Februar) einen Einblick in den Unterrichtsalltag des Gymnasiums zu verschaffen. Zu diesem Termin werden durch die Oberstufenleitung auch genauere Informationen zu den einzelnen Profilen vermittelt.<br \/>\n<strong>Unterst\u00fctzende Ma\u00dfnahmen f\u00fcr den \u00dcbergang in die Oberstufe<\/strong><br \/>\nIn der Einf\u00fchrungsphase der Oberstufe k\u00f6nnen bei Bedarf und Lehrerverf\u00fcgbarkeit unterst\u00fctzende Kurse in den Kernf\u00e4chern (De, En, Ma) angeboten werden, um so den \u00dcbergang von der Mittelstufe in die Oberstufe zu erleichtern. Diese Kurse wiederholen und festigen oberstufenrelevante Inhalte und Methoden. Dieses Unterst\u00fctzungsangebot steht den Sch\u00fclerinnen und Sch\u00fclern beider Schulformen zur Verf\u00fcgung.<\/p>\n<p>Die Kooperationsvereinbarung kann von bei den Kooperationspartnern durch einen Beschluss der jeweiligen Schulkonferenz gek\u00fcndigt werden.<br \/>\nHenstedt-Ulzburg, 26.03.2015<\/p>\n<p>&nbsp;<\/p>\n<p>Seite -2-<\/p>\n<p><strong>Bedingungen f\u00fcr den \u00dcbergang in die Oberstufe<\/strong><br \/>\nSch\u00fclerinnen und Sch\u00fcler der Gemeinschaftsschule sind in die Einf\u00fchrungsphase der Oberstufe versetzt, wenn im Zeugnis des Mittleren Schulabschlusses h\u00f6chstens ein Fach mit ausreichend (Note 4) und kein Fach mit mangelhaft (Note 5) bzw. ungen\u00fcgend (Note 6) benotet wurde (vgl. \u00a7 7 Absatz 6 GemVO).<br \/>\nF\u00fcr Interessenten, die diese Vorgaben zum Halbjahr noch nicht erf\u00fcllen, bietet das Gymnasium die M\u00f6glichkeit an, eine Zusage auf Aufnahme unter Vorbehalt des Erreichens der Bedingungen zum Schuljahresende zu erteilen.<br \/>\n<strong>Zweite Fremdsprache<\/strong><br \/>\nFalls Sch\u00fcler von der Gemeinschaftsschule keine zweite Fremdsprache belegt haben, m\u00fcssen sie am Alstergymnasium Spanisch als neu beginnende Fremdsprache erlernen. Bedingung ist, dass diese Fremdsprache durchg\u00e4ngig bis zum Abitur belegt werden muss. Die Halbjahresleistungen der letzten beiden Halbjahre m\u00fcssen in Block I der Gesamtqualifikation eingebracht werden.<br \/>\n<strong>Gleichbehandlungsgrundsatz<\/strong><br \/>\nDie Oberstufenleitung wird bem\u00fcht sein, allen berechtigten Sch\u00fclerinnen und Sch\u00fclern einen Profilplatz entsprechend ihrer Erst-bzw. Zweitwahl anzubieten. Sollte es hierbei zu Platzmangel kommen, werden Gespr\u00e4che \u00fcber m\u00f6gliche Profilalternativen angeboten. F\u00fcr Sch\u00fcler innen und Sch\u00fcler beider Schularten gilt gleicherma\u00dfen, dass kein Anspruch auf ein bestimmtes Profil besteht (vgl. OAPVO \u00a74).<\/p>\n<p>&nbsp;<\/p>\n","protected":false},"excerpt":{"rendered":"<p>Kooperationsvereinbarung gem\u00e4\u00df \u00a7 43 Absatz 6 des Schulgesetzes des Landes Schleswig-Holstein zwischen der Gemeinschaftsschule Rhen, Henstedt-Ulzburg und dem AIstergymnasium, Henstedt -Ulzburg Schultr\u00e4ger f\u00fcr beide Schulen: Gemeinde Henstedt-Ulzburg Kooperationsvereinbarung Um den Sch\u00fclerinnen und Sch\u00fclern das Erreichen der Allgemeinen Hochschulreife unter Ber\u00fccksichtigung der individuellen Bed\u00fcrfnisse m\u00f6glichst optimal zu erm\u00f6glichen, kooperieren die Gemeinschaftsschule Rhen und das Alstergymnasium Henstedt-Ulzburg [&hellip;]<\/p>\n","protected":false},"author":1,"featured_media":0,"parent":831,"menu_order":0,"comment_status":"closed","ping_status":"closed","template":"","meta":{"footnotes":""},"class_list":["post-908","page","type-page","status-publish","hentry"],"_links":{"self":[{"href":"https:\/\/www.gmsrhen.de\/index.php?rest_route=\/wp\/v2\/pages\/908","targetHints":{"allow":["GET"]}}],"collection":[{"href":"https:\/\/www.gmsrhen.de\/index.php?rest_route=\/wp\/v2\/pages"}],"about":[{"href":"https:\/\/www.gmsrhen.de\/index.php?rest_route=\/wp\/v2\/types\/page"}],"author":[{"embeddable":true,"href":"https:\/\/www.gmsrhen.de\/index.php?rest_route=\/wp\/v2\/users\/1"}],"replies":[{"embeddable":true,"href":"https:\/\/www.gmsrhen.de\/index.php?rest_route=%2Fwp%2Fv2%2Fcomments&post=908"}],"version-history":[{"count":7,"href":"https:\/\/www.gmsrhen.de\/index.php?rest_route=\/wp\/v2\/pages\/908\/revisions"}],"predecessor-version":[{"id":2272,"href":"https:\/\/www.gmsrhen.de\/index.php?rest_route=\/wp\/v2\/pages\/908\/revisions\/2272"}],"up":[{"embeddable":true,"href":"https:\/\/www.gmsrhen.de\/index.php?rest_route=\/wp\/v2\/pages\/831"}],"wp:attachment":[{"href":"https:\/\/www.gmsrhen.de\/index.php?rest_route=%2Fwp%2Fv2%2Fmedia&parent=908"}],"curies":[{"name":"wp","href":"https:\/\/api.w.org\/{rel}","templated":true}]}}